1 - ((-3)/(-12)*0 + -152). Suppose -x + s = 3*f, 3*f + 18 = -3*x + 159. What is the remainder when 100 is divided by f?
48
Let f = 2 - -11. Suppose 3*g + 792 = 5*i + 849, 0 = g + 2*i + 3. What is the remainder when f is divided by g?
4
Let z(f) = -f**2 - 7*f - 2. Let d be z(-5). Suppose d*a - 307 = 13. What is the remainder when (1 - -4 - 9) + a is divided by 19?
17
Let i = 28 - -1579. Calculate the remainder when i is divided by 46.
43
Let l(s) = -78*s + 121. Let b be l(6). Let n = -166 - b. Calculate the remainder when n is divided by 23.
20
Let a(o) = 4*o - 21. Suppose -63*q = -58*q + 3*w - 91, -3*w = 2*q - 31. Calculate the remainder when a(11) is divided by q.
3
Suppose 2*t - 5*h - 5993 = 0, -17*t + 2*h - 5986 = -19*t. Calculate the remainder when t is divided by 746.
10
Suppose 7*l + 21*l - 286 = 24886. Calculate the remainder when l is divided by 160.
99
Let j = 4257 + -4087. Calculate the remainder when 3739 is divided by j.
169
Let z(s) = 504*s**3 - 2*s**2 + s. Let g be z(2). Suppose -n = -34*n + g. What is the remainder when n is divided by (-21)/(-1) - (2 + -2)?
17
Let q(f) = 9*f + 51. What is the remainder when 446 is divided by q(-5)?
2
Let v(j) = 3*j**2 - 35*j - 8. Let k be v(-5). Suppose 193 = 3*i + 5*g, -24*i + g = -20*i - k. Calculate the remainder when i is divided by 16.
13
Let s(x) = 263*x + 4754. Calculate the remainder when 1699 is divided by s(-18).
19
Let d be (21/42)/((-2)/72). What is the remainder when ((-190)/(-4))/(d/(-108)) is divided by 32?
29
What is the remainder when 2274 is divided by (77/14 - 4)/((-27)/(-414))?
20
Suppose -3*s + c = -3588, s - 1735 + 537 = c. Calculate the remainder when s is divided by 19.
17
Let x = -298 - -104. Let l = -186 - x. What is the remainder when l is divided by 4?
0
Let o = -17411 - -17446. Calculate the remainder when o is divided by 22.
13
Let x = -396 - -395. Let m(d) = -216*d - 23. What is the remainder when m(x) is divided by 14?
11
Let n = 1 + 11. Suppose -4*y - 222 = -5*t, -4*t - 5*y = -4*y - 186. Calculate the remainder when t is divided by n.
10
Let d(n) = 26*n**2 - 3143*n - 6290. Calculate the remainder when d(-2) is divided by ((-34)/4)/(2/(-4)).
15
What is the remainder when 397 is divided by 3 + (1 - -4) - -21 - 5?
13
Suppose 0 = 3*l + l - d - 309, 2*l - 157 = d. Calculate the remainder when (-4 - (3 - 428/60)) + 7312/60 is divided by l.
46
Let k = 5455 - 5003. Calculate the remainder when k is divided by 153.
146
Let i(s) = 9*s + 7. Let k(q) = q - 1. Let h(l) = i(l) + 2*k(l). Let x be h(5). Calculate the remainder when x + (3 - 2) + -3 is divided by 6.
4
Let a(y) = 13*y + 1299. What is the remainder when 6876 is divided by a(-86)?
179
Let q be 1434/4*(-108)/81. Let y = -379 - q. What is the remainder when y is divided by 28?
15
Let y(o) = -o**3 - o**2 + 10*o - 4. Let r be y(3). What is the remainder when 107 is divided by -5*(-2)/(10/(-5 - r))?
2
Suppose -48 = 3*p + 5*h, -5*p + h - 114 = -2*h. Suppose 13*t - 18*t = -90. What is the remainder when p/35 + (-418)/(-5) is divided by t?
11
Let q = 3582 + -3575. What is the remainder when 11 is divided by q?
4
Suppose 97 = 4*i + 9. Let t(p) = -1 + 2*p**2 - p - 8 + 0*p**2 + 5*p. Calculate the remainder when t(-8) is divided by i.
21
Let a = -18 + 49. What is the remainder when a is divided by 20/108*42 + (-4)/(-18)?
7
Let f be 3*(3 - 6)/(-9). Calculate the remainder when (45/27)/(2/36) is divided by (16 - 2)*f + -3.
8
Suppose 3*y + y - 256 = 0. Let a = 115 - y. What is the remainder when a is divided by 18/(-4)*42/(-315)*15?
6
Suppose 14*r + r = 75. Suppose 0 = 4*l + m - 59, r*m - 40 = -19*l + 16*l. What is the remainder when 117 is divided by l?
12
Suppose -3*f - 10 = 2*v, 5*f - 4 - 16 = 4*v. Let q = -27 + 36. What is the remainder when v/(-2)*6/1 is divided by q?
6
Suppose 0 = -54*o - 71*o + 290625. What is the remainder when o is divided by 8?
5
Suppose -18*l = 43*l - 3722 + 1. Calculate the remainder when l is divided by 54.
7
Let y(d) = 21*d - 1. Let c = 36 + -33. Let a(q) = q**2 + 2*q - 3. Calculate the remainder when y(2) is divided by a(c).
5
Suppose -5*s = 44*p - 34*p - 1105, 0 = -p + 2*s + 93. What is the remainder when 555 is divided by p?
20
Let g = 2733 + -2619. What is the remainder when 150 is divided by g?
36
Let x = -133 - 151. Let c = 386 + x. Calculate the remainder when c is divided by 13.
11
Let x(c) = c**2 - c + 116. Let b be x(-20). What is the remainder when 315 is divided by 3/(30/b) - 210/350?
50
Suppose 1449*i - 36 = 1452*i. Let n(b) be the second derivative of -7*b**3/6 + 7*b**2/2 - b. What is the remainder when n(i) is divided by 31?
29
Let t = 153 + 429. Let c = -388 + t. What is the remainder when c is divided by 67?
60
Let u(k) = -k**3 - 14*k**2 - 2*k + 4. Let f be u(-14). Suppose 0 = 25*y - f*y + 455. Calculate the remainder when 121 is divided by y.
56
Let l(b) = -2*b**2 + 25*b - 72. Let u be l(23). Let p = 586 + u. Calculate the remainder when 208 is divided by p.
22
Suppose -9 = -3*s, 40*s - 41*s + 37 = a. Let w be 1*8*(-2)/4. Let r(t) = -2*t + 2. What is the remainder when a is divided by r(w)?
4
Suppose -25 + 19 = -d - 3*v, 3*v = 2*d - 12. Calculate the remainder when 8 is divided by d.
2
Let t(w) = w**3 - 20*w**2 + 36*w + 71. Suppose -3*j + 2*g + 48 = 0, 7*j - 117 = 3*g - 0*g. What is the remainder when 278 is divided by t(j)?
65
Let t = -5219 - -8576. Calculate the remainder when t is divided by 15.
12
Let c(l) = 53*l - 85. Let p(o) = 3*o**2 - 2*o - 7. Calculate the remainder when c(4) is divided by p(-3).
23
Let d be ((1/3)/(-1))/((-4)/72). Let f(t) = t**3 - 9*t**2 + 4*t - 11. Let i be f(d). Let x = -17 - i. What is the remainder when x is divided by 16?
14
Suppose -132 = -4*r - 4*l + 212, 5*r = 3*l + 422. Let d = 110 - r. What is the remainder when d is divided by 4?
1
Let s = 127 + -108. Suppose -451 = -s*v + 176. What is the remainder when 261 is divided by v?
30
Suppose 4*j - 102*j + 205243 = 69*j. What is the remainder when j is divided by 129?
68
Suppose -2*i = d - 990, -196*d = -201*d - 4*i + 4938. What is the remainder when d is divided by 488?
10
Let b = 353 - 261. Let n = 2 - -45. Calculate the remainder when b is divided by n.
45
Let c be (21/2)/((-15)/(-380)). Suppose -2*r + 0*r + 2*d + c = 0, -d - 535 = -4*r. What is the remainder when r is divided by 47?
40
Suppose 0 = -6*u + 43 + 113. Suppose -7*s = -u*s + 95. Let o(w) = 23*w**2 - 2*w + 1. Calculate the remainder when o(1) is divided by s.
2
Let x(z) = -7*z**2 - 47*z + 2. Let h be x(-10). Let u = -182 - h. What is the remainder when u is divided by 12?
10
Suppose 656*o + 209 = 675*o. What is the remainder when 637 is divided by o?
10
Calculate the remainder when 864 is divided by (-199 + 563)/((-12)/(-9)).
45
Calculate the remainder when 30/165 - 1136/(-3)*(-81)/(-99) is divided by 72.
22
Suppose -21*f = -24*f + 78. Suppose 5*a = -5*y - 127 + 377, -5*y + 242 = 3*a. Calculate the remainder when y is divided by f.
20
Suppose -5*y + 8*y + 216 = 0. Let x = y - -127. Suppose 5*g + 183 = 4*t, 2*g - x = -3*t + 88. Calculate the remainder when 140 is divided by t.
46
Suppose 33 - 18 = 5*t. Suppose 131 = 4*y - 25. Calculate the remainder when y is divided by (-7)/((-2)/18*t).
18
Let t = -26608 + 26623. Calculate the remainder when 229 is divided by t.
4
Let x be (-6)/((-36)/14) - 1/3. Suppose x*m = -0*m + 102. Let t = 121 - m. Calculate the remainder when t is divided by 20.
10
Let t(v) = -v + 8. Let x be t(5). Suppose -75 + x = -4*p. Suppose -2*c - 5*o + 122 = 0, 3*c + 3*o - o = 205. What is the remainder when c is divided by p?
17
Let o = 40 + -24. Let g(r) = -r**2 + 7*r + 91. Let n be g(-6). Calculate the remainder when 24960/338 + 2/n is divided by o.
10
Let r(l) = 2*l**3 - 18*l**2 + 6*l - 19. Suppose 3*f - 8 - 6 = -4*z, -3*z = 4*f - 28. What is the remainder when r(f) is divided by 27?
25
Let c(g) = -g**3 - 32*g**2 - 89*g + 72. What is the remainder when 282 is divided by c(-29)?
22
Let t = 5551 + -5526. Calculate the remainder when 49 is divided by t.
24
Let m(l) = 4*l**2 - 149*l - 91. Let b be m(39). Let g = 222 - b. Suppose 0 = 5*i + 2*h - 65, -6*h - 5 = i - 2*h. What is the remainder when g is divided by i?
10
Let b(s) = -56*s + 2464. What is the remainder when b(41) is divided by 49?
21
Let o(c) = 2*c**2 - 7*c 